4 - 0 - (14 - (-759114)/(-18)) a prime number?
False
Suppose 0 = i - g - 214722, -3*i + 4*g + 222865 = -421300. Is i a composite number?
False
Let i(s) = -131*s + 9. Let q be i(-11). Suppose 11*w - q - 6107 = 0. Is w a prime number?
False
Suppose 3*x = 2*p + 4441, -5*x + 9*p = 7*p - 7399. Let h = x - -1442. Is h prime?
False
Suppose 195*q - 88146393 = -10225758. Is q a composite number?
True
Suppose 43*h - 25280514 = 9*h - 29*h. Is h a prime number?
False
Suppose -58*s - 381436 = -69*s. Suppose -3*v = -3*c - 2*v + s, 4*c - v = 46234. Is c a composite number?
True
Suppose -7196300 + 340421 = -70*q + 1256911. Is q prime?
False
Is 2/(-15) - 1198670/(-150) a prime number?
False
Let b = -4485 - -7548. Let c = -1976 + b. Is c composite?
False
Let y = 960253 - -204100. Is y composite?
True
Let v be (-13 - (2 + -4))*59. Suppose -4*y - 1284 = 4*d, 2*y - d = -60 - 573. Let a = y - v. Is a a prime number?
True
Suppose -7 = 5*s + 258. Let m(o) = o**2 + 3*o - 2. Let f be m(9). Let d = f + s. Is d composite?
False
Let w = -170480 - -248557. Is w composite?
True
Let y(d) = -d**3 - 6*d**2 + 8*d - 12. Let t be y(-12). Suppose -2*w + t = 5*w. Is (-8)/w*-3 - 15033/(-27) composite?
False
Let n(f) = -49*f - 4. Let h(r) = -r**3 + 2*r**2 + 2*r + 104. Let a be h(0). Let x be a/(-4) - (-2 + 2 - -1). Is n(x) a prime number?
True
Suppose o + 4*s = -2*o - 11, 3*o = 4*s - 43. Let a be (-418)/(-4) - (o/(-6) + -2). Let x = 160 - a. Is x composite?
True
Suppose 0 = 2*n - 4*g - 1825230, -3*g = -n - 0*g + 912622. Is n a composite number?
True
Suppose -55*g + 69*g = 515354. Is g a prime number?
False
Let r = 43285 - 21084. Is r composite?
True
Let s(x) = 2653*x**2 - 276*x + 4. Is s(-9) prime?
False
Is (22/77)/(6/37608333) a prime number?
False
Let c = 116493 - -61798. Is c composite?
True
Is (261/348)/((-14)/(-4) + -2)*135178 a composite number?
False
Let u(n) = 4*n - 3 + 9 + 89 + 86*n. Is u(29) a prime number?
False
Let o = -101181 - -244892. Is o composite?
False
Let v = 522 + -515. Suppose -2664 = -v*x + 10853. Is x a prime number?
True
Suppose -84*z + 29*z + 110 = 0. Suppose -5*u + 20 = 0, -s = 4*s + 3*u - 41537. Suppose 3*i = -z*x + s - 2966, -i + 3*x + 1787 = 0. Is i a composite number?
True
Let l = -33212 + 63777. Suppose l = -12*a + 17*a. Is a composite?
False
Is ((-498426)/(-15) - -1)/(43/215) a composite number?
False
Suppose 20*x - 12*x = 6*x. Suppose x = -19*t + 15*t + 20. Suppose -t*f + 576 = 31. Is f prime?
True
Suppose 0 = -x + 3*c + 6497, -13004 = -2*x + 35*c - 34*c. Is x composite?
True
Let c = 17 - 3. Let b(y) = -c*y**3 - 13*y**2 - 13*y + 0*y**3 + 9*y - 3 + 5*y**2. Is b(-5) a composite number?
False
Let d be (-2)/(-13) + -4*(-47943)/26. Suppose 25*i = d + 399. Is i a composite number?
False
Let p = 31369 + -15510. Is p composite?
False
Let l(t) = -t + 38. Let g be l(29). Suppose -2*s = g*s - 33. Suppose -1753 = -s*b + 3*i - i, 1757 = 3*b - 4*i. Is b composite?
True
Suppose 5*m - 125751 = -4*j, -6*j - 12*m + 8*m = -188630. Is j a prime number?
False
Let d = -23209 + 31616. Is d composite?
True
Let x(i) = 186*i + 5. Let r be x(1). Suppose 2*z + 3645 = r. Let a = -612 - z. Is a a composite number?
True
Suppose 0 = -j + 4*z + 199781, -71*j = -73*j - 3*z + 399551. Is j a composite number?
False
Suppose -4*q - 90627 = -430547 - 49668. Is q prime?
True
Let r(z) = 2*z**2 - z - 11. Let u be r(3). Suppose 4*q = -4, u*t - q - 9114 = 6515. Is t a composite number?
False
Let v(x) = 82*x**3 + 3*x**2 + 17*x - 2. Let k be v(7). Suppose -5252 - k = 9*y. Is (-1 + 2)/((-6)/y) a prime number?
False
Let k be (2 + 4672)/((-27)/(-144)). Suppose -2*d + 12454 = j, -j - k = -4*d + 2*j. Is d composite?
False
Let v(m) = 19*m - 18 - 10 + 6*m**2 + 0. Let n(k) = -16*k + 77. Let w be n(6). Is v(w) a prime number?
True
Let y = 145 - 145. Suppose y = 112*w - 113*w + 4259. Is w prime?
True
Let u = -43 - -45. Suppose 12 = 4*q - 3*y, -5*q + 2*y = -u - 13. Suppose -4 = -f, q*i + 0*f = -f + 4777. Is i a prime number?
False
Suppose 0 = 6*f + 6*f + 8448. Is f/(0 - 2) - -1 a prime number?
True
Let w be (4 - (-114)/(-30)) + (-519955)/25. Let h = w - -30331. Is h prime?
True
Let v(i) = -3135*i**3 + 5*i**2 + 19*i - 179. Is v(-5) a composite number?
True
Suppose -2*h + 123 - 127 = 0, -81692 = -8*j + 2*h. Is j a composite number?
False
Suppose -4*s - 5*h = -21, -2*h + 0*h + 14 = -4*s. Let n = 1 - s. Suppose -r + 4269 = 3*x - 170, 0 = n*x - 5*r - 2982. Is x composite?
False
Suppose 12*d = 23*d + 11704. Let a = -211 - d. Is a a composite number?
False
Is 16/(-30 + -18) + (3469264/(-3))/(-1) prime?
False
Let t be -5*(146466/45 + -6). Is (8 - t/6)/(2/3) prime?
True
Let r(h) = -h**3 - 7*h**2 - 7*h + 1. Let z be (5 - 17)*8/(-6). Suppose -z*g - 45 = -11*g. Is r(g) prime?
False
Suppose o - 29 - 21 = -5*x, 0 = -o. Is 2*401 + (-10 - (3 - x)) a composite number?
True
Suppose -3318967 - 4738966 = -4*z - 3*q, 2*z = q + 4028979. Is z composite?
False
Let x(n) be the second derivative of 353*n**3/6 + 27*n**2 + n. Is x(13) composite?
False
Let u(d) = 6*d + 2. Let g be u(0). Suppose -3*z = -4*s + 97, 3*s + g*z - 122 = -s. Suppose 0 = 26*x - s*x + 5026. Is x prime?
False
Suppose 0 = -4*j - 19*j + 919106 + 2533355. Is j a prime number?
True
Let z(m) = m**3 - 44*m**2 + 923*m - 97. Is z(75) a composite number?
True
Suppose 10*a = 4 + 56. Suppose -791674 = -a*q - 20*q. Is q composite?
False
Let p(k) = -2*k + 27. Let m be p(15). Let c be (m/(-2))/((-54)/(-1440)). Suppose -6*a - c = -766. Is a a composite number?
True
Is 160503/(1 - 0) - (38 - 36) composite?
True
Let a(z) = -2508*z**2 - z. Let n be a(1). Let k = n + 4649. Suppose k = 5*t - v, -t - 2*v + 407 = 2*v. Is t composite?
True
Let d be (72/(-20) + 4)/((-1)/(-5)). Let n be (-4)/3*3 - 3. Is (-10)/35 - 22437/n - d a prime number?
True
Let a(g) = g**3 - 5*g**2 - g + 10. Let f be a(5). Suppose -5*y - 10 = -5*n, 0 = -f*n + y + 3 + 11. Is (-2 - (n + -1 + -5))*191 a composite number?
False
Let n(c) = -17*c**3 + c**2 + 3*c + 1. Let o be n(3). Let l = 1128 - o. Suppose 0 = -7*w - l + 5047. Is w a composite number?
True
Suppose -2*h - 12941 = -s, s = 15*h - 20*h - 32363. Let a = h + 10799. Is a a composite number?
False
Suppose -19*r - 19*r + 103856 = -849450. Is r prime?
True
Let g be (-150)/(-9)*-3 - 3. Let w = g + 59. Is (1324/(-12))/((-2)/w) a composite number?
False
Let c(k) = 37*k + 160. Let a be c(4). Suppose -53179 = 301*v - a*v. Is v a prime number?
False
Let a(w) = 77255*w + 654. Is a(7) composite?
False
Suppose 3 - 23 = 4*h. Let w be h*(-4)/110 + (-6)/33. Suppose -5*p + n + 297 = w, p - 2*p + 69 = -5*n. Is p prime?
True
Let m(x) = x**3 + x**2 + 7. Let d be m(0). Let b(g) = g**3 - 15*g**2 + 16*g + 63. Let q be b(21). Suppose 0 = d*r + q - 22498. Is r prime?
False
Let b(d) = 5*d. Let u be b(1). Suppose 12*l - 11*l - u = 0. Suppose -k + 67 + 93 = l*s, 3*s = 9. Is k a prime number?
False
Is 441304 - -1 - (-23 + 43 - 10) composite?
True
Suppose 3 = 6*t - 9. Suppose t*b + 4*n - 390 = 0, 3*b + 401 - 990 = -4*n. Is b prime?
True
Let b(o) = 8*o**2 - 5*o + 16. Let f be b(3). Suppose f = -2*c + 5115. Is c composite?
False
Is 2*((-84100)/8)/(-25) a prime number?
False
Let o(y) = 353*y**2 - 3*y + 194*y**2 - 3 - 138*y**2. Is o(-2) a composite number?
True
Let g(f) = -51*f - 325. Let w be g(-33). Let o = w + 1115. Is o composite?
False
Let a = 229 - 232. Is a/((48/(-3304))/2) a prime number?
False
Let b = 24955 - 17318. Let h = b - 2106. Is h prime?
True
Let i(g) = -28*g**2 - 423*g - 10. Is i(-11) composite?
True
Is 0 - (-14)/(-3)*(89937/(-2) + -6) a composite number?
True
Is (5/(-2))/((-25)/40) - (-15 + -692220) composite?
False
Is 60861 - (8 + 3 - 9) a prime number?
True
Suppose -5*l = -221*v + 222*v - 530632, 4*l - 28 = 0. Is v a prime number?
True
Let a = 146 - 153. Is (-72)/(-8) + a + 17511 prime?
False
Let o(i) be the second derivative of 53*i**4/12 - 2*i**3 + 57*i**2/2 - 4*i - 3. Is o(6) prime?
False
Is 2/6 + ((-8930780)/51)/(-5) a composite number?
False
Suppose -2*l = -18*r + 21*r - 110997, -184994 = -5*r - 3*l. Is r a prime number?
True
Suppose 4*d + q - 849275 = 0, -4*d - 4*q + 663661 + 185587 = 0. Is d a composite number?
True
Let x be 1*(-3 + 12 - (-2 - 1)). Suppose q = 2*v - x, -3*v = 2*q - 10 - 1. Suppose -u - 1028 = -3*r - 55, 0 = -2*r - v*u + 626. Is r a prime numb